s -3 + (0 - 8) + 5 + 13?
7
0 + 1 + (3 + -4 - -3)
3
Evaluate 5 - (-4 + 9 - (-4 + 0)).
-4
Calculate 3 + 0 + -2 + 6 + -5.
2
What is the value of (13 - -2) + -8 + -8 - 5?
-6
What is the value of 1 - -1 - (-1 - (4 + -4))?
3
What is the value of 0 + -10 - (1 - 6)?
-5
Calculate (3 - -3) + (-13 - -6).
-1
What is -6 + 3 + 2 + 4?
3
What is the value of 0 - 1 - (11 - 8) - 6?
-10
3 + 3 + 0 + -3
3
-1 - ((6 - 8) + -1 + -2)
4
Evaluate 1 + 0 - 3 - -11.
9
What is 6 + 1 + -2 + -3?
2
Evaluate -7 - 2 - (2 + -6).
-5
-1 + 0 + 1 + -3
-3
Calculate -8 - -14 - (4 + -1).
3
-6 - (-5 - (11 + -10))
0
Evaluate (-16 - -7) + -2 - -5.
-6
What is 87 - 85 - (4 + -1 - 0)?
-1
What is (-17 - -18) + -5 + 1 + 5?
2
What is the value of (-8 - (5 + -9)) + 7?
3
6 + (0 - (14 + -7 - 4))
3
Evaluate 5 - (0 + (8 - 5)).
2
9 + (2 - 5 - 3)
3
What is -7 - ((3 - 8) + 0)?
-2
(1 - -5) + 4 + (-15 - 3)
-8
What is the value of (5 - -1) + 27 + -34 + 3?
2
Calculate 2 + -8 + (2 - -8) - 3.
1
What is the value of 3 - -3 - 4 - (6 - 1)?
-3
What is 3 - (12 + -6 - -3)?
-6
What is 4 + -6 + 0 + 3?
1
Calculate 1 + -2 - -1 - (1 - -1).
-2
Evaluate 8 - (3 + (-5 - -7) + -4).
7
What is 6 + -6 - (6 - 1)?
-5
(0 - (4 + 3)) + (-2 - -16)
7
Evaluate 4 + (-1 - (-5 - -8)) - -1.
1
What is -1 + (8 - (6 + -1) - 0)?
2
-2 + -1 - 2 - -4
-1
Calculate (0 - 6) + 2 + -1.
-5
What is the value of -13 + (9 - 2) - -9?
3
Calculate -14 + -13 + (-5 - -29).
-3
12 - ((-8 - (-7 - -5)) + 14)
4
What is the value of -1 + 1 + -5 + (-1 - -5)?
-1
1 - (2 + 3 + -1)
-3
Evaluate (4 - (-10 + 4) - 4) + -4.
2
Calculate -3 - ((0 - 0) + 1).
-4
What is the value of 0 - (1 + 3) - (113 + -116)?
-1
-3 + (-3 - -5) - (-6 - -8)
-3
-7 + 2 + -2 + 2
-5
What is -1 - ((-1 - -2) + -37 + 29)?
6
What is -5 + (0 - -2) + (-1 - -4)?
0
Evaluate -1 + (4 - (10 - (-5 - -9))).
-3
Calculate -1 - ((-5 - -10) + -2).
-4
What is -1 + (2 - (4 - 3)) + 4?
4
Calculate (5 - -1) + -33 + 29.
2
What is the value of -7 + -2 - -3 - -1?
-5
What is (-1 - ((2 - -2) + -14)) + 0?
9
Calculate 2 + -7 + -2 - (0 - 2).
-5
What is the value of (-4 - 1) + -3 + 5 + 13?
10
What is the value of (7 - (-4 - -4)) + -8?
-1
Evaluate -15 - -12 - -3 - (-1 - -1).
0
Evaluate -6 - 0 - -4 - -4 - 0.
2
Evaluate -1 + -2 - (-4 - (2 - 0)).
3
What is 2 - (-2 + 2 - -5)?
-3
What is 6 + (-6 - -11) - 18?
-7
What is -5 - ((7 - 17) + 7)?
-2
Calculate (0 - 3) + (-8 - -7).
-4
Calculate -3 + -1 + 2 - -2.
0
What is 8 - (2 - 2 - -13)?
-5
What is the value of -9 + 4 - (-3 + 1)?
-3
-1 + 3 - -2 - (0 - 1)
5
(-3 - -2) + (-2 - (1 - 2))
-2
What is 3 - (2 - (2 - 5) - 2)?
0
What is the value of -7 - (1 - 0 - (-14 + 15))?
-7
What is the value of -3 - (2 + (2 - 6))?
-1
What is the value of 2 - (1 + 1 + -3)?
3
(-3 + -2 + 9 - -3) + -3
4
Calculate 2 + -4 + 0 + 6 + 0.
4
-12 + 5 + (4 - 2) + -2
-7
Evaluate -17 + 9 + -22 + 25.
-5
(-1 - (13 - (0 - -6))) + 8
0
(-1 + 3 - 0) + (-4 - 0)
-2
What is 5 + -2 + (-1 - 3)?
-1
Evaluate (2 - -5) + (-5 - -1).
3
Evaluate 3 - ((1 - -5) + -5) - -3.
5
Calculate 1 - -2 - (5 + (-8 - -6)).
0
Calculate -2 - (-11 + -1) - 6.
4
What is -4 - (1 + -1 - 8)?
4
What is -1 + 3 + (-13 - -13)?
2
Calculate -1 + 1 + 7 + -1 + -7.
-1
Evaluate 2 - (-2 - -1) - (2 + 8).
-7
What is -1 - (-10 - (5 - 15))?
-1
Evaluate -3 - (-2 + (4 - 4) + 3).
-4
What is (-4 - -1) + 37 + -33 - 3?
-2
What is the value of 0 + 1 - (-4 - (5 - 12))?
-2
What is -8 - ((6 - 6) + -4)?
-4
What is the value of 3 - (1 - -8) - -4?
-2
Calculate -1 + 3 + -6 + 0 + 5.
1
Calculate (3 - 9) + -4 + 9.
-1
(-2 - -1) + -3 + 5 + -1
0
Calculate (-1 - 4) + (1 - 0).
-4
Calculate -1 + 3 + 2 + (-3 - -1).
2
What is (2 - 6) + 15 + -7 + -4?
0
Calculate 7 + 3 - (-8 - -23).
-5
Evaluate -19 + 10 + (6 - -1).
-2
Evaluate -3 + (-7 - (-7 + 4) - -2).
-5
Calculate 3 - 1 - -2 - 2.
2
What is the value of (-3 - 1) + (1 - 0)?
-3
Calculate -8 + (-6 - -1) + 8.
-5
What is the value of (-6 + 3 - (-3 - 1)) + -1?
0
Calculate -2 - (-6 + 9 + -8).
3
Calculate -3 - (2 + -11) - (5 - 2).
3
-1 - (3 - (1 + -2))
-5
(-3 + -2 - 0 - -1) + 0
-4
What is the value of 2 - (7 + (1 - 5))?
-1
What is the value of -3 - (-80 - -75 - (-5 + 0))?
-3
What is -113 - -125 - (9 - (-2 + 4))?
5
-8 + (-7 + -7 - -21)
-1
Evaluate 9 + -4 - 6 - (-2 - -1).
0
What is -5 + 1 - (1 - 2 - 3)?
0
What is -24 + -4 + 25 + (-4 - 0)?
-7
Calculate 3 - 17 - (-3 - 4).
-7
Calculate (5 - (3 - (-3 + 0))) + 0.
-1
Evaluate 1 + -1 - (7 + -6) - -3.
2
What is (-1 - -5) + -1 + -1?
2
Calculate 5 + (-1 + -9 - -2).
-3
What is the value of -3 - 2 - -4 - 2?
-3
What is 10 - (9 + (-11 - -11))?
1
Evaluate (-3 - (-2 + -1 - -5)) + 7.
2
Calculate 1 + -1 + 1 + 0 + -1.
0
Calculate -1 - -10 - (1 - -5).
3
What is the value of 0 - (1 - (0 - (3 + -1)))?
-3
4 - 4 - 9 - -4
-5
Evaluate 0 - (6 + 0) - -5 - -2.
1
-2 + (7 - -1) + -5 + 0
1
36 + -30 - (1 + -3 + 16)
-8
What is the value of -15 + 16 + (1 - -1)?
3
Calculate (3 + -11 - (6 + -8)) + 9.
3
Evaluate -23 + 20 + (-2 - 0).
-5
What is -1 - (4 + -6 + 2 + -3)?
2
What is the value of (-5 - -7) + -1 + 3 + 2?
6
Calculate -1 - -1 - 0 - 4 - -2.
-2
(-10 - -6) + 1 - 0
-3
Evaluate -4 + (8 - -8 - 6).
6
Evaluate (5 - (3 - 2)) + -5 - -5.
4
What is 10 + 1 + -4 + -4?
3
What is the value of -3 + 0 + -1 + 4 + 2?
2
What is the value of (-15 - -3) + (26 - 18)?
-4
What is -1 - 2 - (-37 + 27)?
7
Calculate 4 - ((1 - 6) + 5 - 5).
9
What is the value of -7 + -1 + 1 - (18 - 20)?
-5
What is 4 + 1 + 5 + -5 + -10?
-5
What is -4 + 15 + (11 - 15)?
7
What is the value of 0 - ((1 - -2) + -2 + 2)?
-3
(-3 - (-3 + 4)) + 56 + -54
-2
3 + 2 + -3 + 2 + 1
5
Evaluate -5 + 2 - -10 - (5 + -2).
4
Evaluate 5 + -11 + 1 + -1.
-6
Calculate -6 + 3 - (15 - 20).
2
Evaluate -5 + 1 - (22 + -29).
3
Calculate 18 + -18 - (1 - -1).
-2
What is (-10 - -4) + -5 + 12?
1
Evaluate 3 + -3 + (-1 - -4).
3
1 + -4 + (-2 - -2 - -1)
-2
What is the value of -7 - -17 - (-6 - -19)?
-3
Evaluate -2 + -3 + -5 + 7.
-3
(0 - -3) + -5 - (-1 + -2)
1
-2 - (5 - (-5 + 9))
-3
Evaluate -1 - (1 - 9 - (-17 - -11)).
1
Evaluate -11 + 8 - (-6 - 0).
3
What is the value of 3 + (2 - 1) + -1?
3
What is (2 - 4) + (22 - 19)?
1
4 - (3 + -6 + 12)
-5
Evaluate 2 + 1 - (0 + -1 - -1).
3
What is -2 + 3 + 0 + (-2 - -6)?
5
Evaluate (3 - 2) + -2 - (21 - 23).
1
4 - 1 - (-14 + 13)
4
What is (-8 - -12) + -2 + 7 + -3?
6
What is 5 + -16 + 1 + 5 + 7?
2
Calculate -3 - ((-7 - 4) + 4).
4
4 - (6 + (-3 - 3))
4
What is 5 + (5 - 10) + -4?
-4
1 + 1 - 4 - (1 + 2)
-5
Evaluate -5 - (0 + 6 + -3).
-8
Evaluate 23 + -21 + -1 + -4.
-3
2 + (3 - 2 - 6) + 7
4
What is the value of -3 - -11 - (6 - 2)?
4
What is the value of 3 - (-1 - 3 - -2)?
5
Calculate 2 - (3 + 0) - (-2 - 2).
3
(2 + -9 - -2) + 31 + -29
-3
What is 2 + -3 + (4 + 3 - 4)?
2
Evaluate -2 + (4 + -2 + -2 - -6).
4
What is the value of 3 - (3 - (1 - 1))?
0
What is the value of -4 + (3 - (2 - (4 - 2)))?
-1
What is the value of -5 - ((-13 - -2) + 6)?
0
What is the value of (-14 - -12) + -4 + 1?
-5
Evaluate -11 - -17 - (-1 + 2).
5
What is (-1 - 4) + 9 - (2 + 0)?
2
3 + -5 + (-8 - -10)
0
What is the value of -4 + (11 - 4) + -7?
-4
What is the value of (-3 - -8 - (-2 + 6)) + -5?
-4
-1 + 1 - (-2 + 5)
-3
-38 + 41 + 0 + -1
2
What is the value of 0 + -1 + (-30 - -31)?
0
Calculate 1 + (-2 - -3) - (-9 + 8).
3
What is (9 - (11 - 2)) + 2 + 1?
3
What is -2 + (0 - 0) + (-4 - -3)?
-3
-2 + (1 - (4 + -10))
5
What is the value of (-12 - (-13 - 1)) + (2 - 0)?
4
What is the value of 0 + 2 + 1 - 8?
-5
4 - ((0 - (-4 - -5)) + -2)
7
Calculate 6 + -4 - (1 + 3 + -3).
1
What is -8 - (5 + (-2 - 3))?
-8
What is -2 + 18 + -5 + -5?
6
What is the value of 134 + -124 - (0 - -14)?
-4
What is 7 + (-1 - 0) + (-42 - -30)?
-6
What is -2 - ((-4 - 5) + 6)?
1
What is 3 + 5 + -5 + -7 + -1?
-5
Calculate -1 - -12 - (-10 + (5 - -7)).
9
What is -4 + 5 - (-3 + (2 - -2))?
0
Calculate 10 - (-10 + 10 - -8).
2
What is the value of 1 + -5 - -7 - 5?
-2
Evaluate -1 - (2 - -3 - (2 - 0)).
-4
What is (3 - -2 - 0) + -8 - 2?
-5
Calculate 1 + -7 + (20 - 11).
3
19 + -12 + (1 - 4)
4
What is 0 + 2 + -3 + -1 + -8?
-10
What is 3 + -2 - ((4 - -1) + -5)?
1
-2 - ((-9 - -2) + 1 + 2)
2
What is the value of -5 + 5 + 2 - (0 + 9)?
-7
What is the value of 4 + -3 - (11 + -14 + 11)?
-7
What is 2 - -1 - (3 + -3 + 3)?
0
What is the value of 0 - 0 - (-1 - (5 - 10))?
-4
-5 + (4 - 0 - (2 + 4))
-7
-18 + 3 + 7 + -1
-9
What is -10 - (-4 - (-5 + 4)) - -4?
-3
Evaluate 3 + (-2 - -1) - 4.
-2
Calculate 4 -